 46 and 2?
2
Calculate the greatest common factor of 7 and 91.
7
What is the greatest common factor of 70 and 560?
70
Calculate the highest common factor of 13 and 299.
13
What is the highest common divisor of 16 and 1456?
16
What is the greatest common divisor of 27 and 711?
9
What is the highest common factor of 456 and 4712?
152
What is the highest common divisor of 196 and 4?
4
Calculate the greatest common divisor of 28 and 679.
7
Calculate the greatest common divisor of 33 and 384.
3
What is the greatest common divisor of 6 and 12?
6
What is the greatest common factor of 260 and 52?
52
What is the greatest common factor of 132 and 36?
12
What is the greatest common factor of 470 and 19035?
235
Calculate the highest common divisor of 63 and 42.
21
Calculate the highest common divisor of 6715 and 425.
85
What is the highest common factor of 10 and 142?
2
Calculate the highest common factor of 7 and 1799.
7
Calculate the greatest common divisor of 560 and 130.
10
What is the highest common factor of 76 and 1900?
76
Calculate the greatest common factor of 126 and 987.
21
What is the highest common factor of 4704 and 224?
224
Calculate the highest common divisor of 16820 and 40.
20
Calculate the greatest common factor of 8595 and 90.
45
What is the greatest common factor of 130 and 78?
26
Calculate the greatest common divisor of 6215 and 55.
55
What is the greatest common divisor of 15 and 12?
3
Calculate the highest common factor of 688 and 48.
16
What is the greatest common divisor of 220 and 242?
22
What is the highest common divisor of 13 and 4?
1
Calculate the highest common divisor of 3640 and 26.
26
Calculate the highest common divisor of 13 and 58253.
13
What is the greatest common divisor of 84 and 2674?
14
What is the greatest common factor of 255 and 3145?
85
What is the highest common divisor of 2224 and 16?
16
What is the highest common divisor of 140 and 308?
28
Calculate the highest common factor of 11 and 7.
1
Calculate the greatest common factor of 80 and 320.
80
What is the greatest common factor of 4 and 62?
2
Calculate the highest common divisor of 52 and 11336.
52
Calculate the greatest common factor of 71 and 2627.
71
What is the highest common divisor of 14 and 623?
7
What is the highest common divisor of 44 and 99?
11
Calculate the greatest common divisor of 171 and 133.
19
What is the greatest common divisor of 14701 and 61?
61
Calculate the highest common divisor of 10 and 865.
5
Calculate the highest common factor of 8272 and 88.
88
Calculate the highest common divisor of 70 and 595.
35
What is the greatest common divisor of 414 and 46?
46
Calculate the highest common divisor of 12 and 28.
4
What is the highest common factor of 2865 and 15?
15
What is the highest common factor of 6175 and 325?
325
Calculate the highest common divisor of 12 and 944.
4
What is the greatest common divisor of 429 and 39?
39
Calculate the highest common divisor of 8 and 82.
2
What is the greatest common factor of 1272 and 36?
12
What is the highest common divisor of 1131 and 858?
39
Calculate the greatest common divisor of 38 and 361.
19
What is the highest common factor of 140 and 3990?
70
What is the greatest common divisor of 142 and 6?
2
What is the highest common divisor of 56 and 2648?
8
What is the greatest common factor of 414 and 805?
23
Calculate the highest common factor of 204 and 68.
68
What is the greatest common divisor of 21 and 6643?
7
What is the highest common divisor of 92 and 4?
4
Calculate the greatest common divisor of 70 and 1092.
14
What is the greatest common factor of 12 and 42?
6
What is the highest common divisor of 90 and 189?
9
What is the highest common factor of 925 and 575?
25
What is the greatest common factor of 87 and 58?
29
Calculate the highest common divisor of 657 and 27.
9
What is the highest common divisor of 584 and 24?
8
Calculate the greatest common divisor of 210 and 350.
70
Calculate the greatest common factor of 123 and 533.
41
What is the highest common factor of 161 and 1001?
7
Calculate the greatest common factor of 6954 and 549.
183
Calculate the highest common divisor of 30 and 230.
10
What is the highest common divisor of 52 and 8879?
13
Calculate the greatest common divisor of 2280 and 150.
30
What is the greatest common divisor of 3521 and 7?
7
What is the greatest common factor of 882 and 18?
18
Calculate the greatest common factor of 804 and 12.
12
Calculate the greatest common divisor of 276 and 60.
12
Calculate the greatest common factor of 1625 and 375.
125
Calculate the highest common factor of 48 and 1032.
24
Calculate the highest common factor of 36 and 846.
18
What is the highest common divisor of 66 and 822?
6
Calculate the greatest common factor of 15894 and 12.
6
What is the highest common divisor of 260 and 20?
20
What is the greatest common factor of 1008 and 3?
3
What is the greatest common divisor of 192 and 2400?
96
Calculate the highest common divisor of 6 and 3882.
6
Calculate the greatest common factor of 94 and 1504.
94
Calculate the greatest common factor of 204 and 24140.
68
What is the greatest common divisor of 555 and 375?
15
Calculate the highest common divisor of 856 and 34668.
428
Calculate the highest common divisor of 95 and 323.
19
Calculate the highest common factor of 1244 and 9641.
311
Calculate the highest common divisor of 141588 and 23.
23
What is the greatest common factor of 58 and 1798?
58
Calculate the greatest common factor of 8 and 1452.
4
Calculate the highest common factor of 20 and 14660.
20
What is the greatest common divisor of 81 and 189?
27
Calculate the greatest common divisor of 330 and 33.
33
What is the highest common factor of 144 and 528?
48
What is the highest common divisor of 38 and 4?
2
Calculate the highest common divisor of 492 and 12.
12
What is the highest common divisor of 9 and 3285?
9
Calculate the highest common divisor of 43 and 6493.
43
What is the greatest common factor of 872 and 8?
8
What is the highest common divisor of 225 and 144?
9
What is the highest common factor of 81 and 3321?
81
Calculate the greatest common factor of 12 and 12.
12
Calculate the greatest common factor of 156 and 104.
52
Calculate the greatest common divisor of 675 and 225.
225
What is the highest common divisor of 264 and 8?
8
Calculate the highest common factor of 38 and 6.
2
What is the greatest common divisor of 999 and 108?
27
Calculate the highest common factor of 35 and 245.
35
Calculate the highest common divisor of 36 and 2412.
36
Calculate the greatest common divisor of 6 and 274.
2
What is the greatest common factor of 36838 and 326?
326
Calculate the greatest common divisor of 660 and 84.
12
Calculate the greatest common divisor of 20314 and 14.
14
Calculate the greatest common divisor of 1 and 64.
1
Calculate the greatest common divisor of 64573 and 31.
31
What is the highest common factor of 8667 and 214?
107
Calculate the highest common divisor of 50 and 425.
25
Calculate the highest common factor of 4589 and 26.
13
Calculate the greatest common factor of 46 and 23.
23
What is the greatest common factor of 795 and 2067?
159
Calculate the highest common factor of 98 and 826.
14
Calculate the highest common divisor of 17 and 2.
1
What is the highest common factor of 134 and 201?
67
Calculate the greatest common divisor of 1078 and 22.
22
Calculate the greatest common factor of 43 and 12857.
43
Calculate the highest common factor of 700 and 900.
100
Calculate the greatest common divisor of 999 and 54.
27
Calculate the greatest common divisor of 216 and 27.
27
Calculate the highest common divisor of 75 and 1225.
25
Calculate the greatest common divisor of 13612 and 164.
164
What is the greatest common factor of 2190 and 657?
219
What is the greatest common divisor of 18 and 117?
9
What is the greatest common factor of 18 and 1962?
18
Calculate the highest common divisor of 24 and 648.
24
Calculate the greatest common divisor of 671 and 1159.
61
What is the highest common factor of 1264 and 79?
79
What is the greatest common factor of 319 and 1111?
11
Calculate the greatest common factor of 31 and 74431.
31
Calculate the greatest common divisor of 5660 and 100.
20
What is the highest common divisor of 34 and 6?
2
Calcul